*k**2 + 6*k - 1. What is the units digit of a(q)?
4
Suppose 0 = -0*b - 3*b. Suppose 0 = -d + 2 - b. Suppose d = -3*s + 5. What is the units digit of s?
1
Suppose 32 = -4*c - 220. What is the tens digit of 8/3*c/(-6)?
2
Let g be -2*(-33)/(-12)*-2. Suppose 3*v - 3*q + 12 = 0, 3*q - g = 3*v + v. What is the tens digit of (-1 - v - -12)*2?
2
Let n = 16 - 10. Let w(c) = 11*c**3 + 23*c**2 + 13*c - 6. Let m(a) = -5*a**3 - 11*a**2 - 6*a + 3. Let p(d) = n*w(d) + 13*m(d). What is the units digit of p(5)?
3
Let a = -6685 - -10449. What is the tens digit of a?
6
Let y(z) be the second derivative of -2*z**2 + 1/2*z**3 + 0 - 11/12*z**4 - 4*z + 1/20*z**5. What is the tens digit of y(11)?
2
Let l = 1009 - -855. What is the hundreds digit of l?
8
Let k be (-4 - -1)*(2 + 1). Let j(l) = l**2 + 10*l + 10. Let y be j(k). Suppose -s = -0 - y. What is the units digit of s?
1
Let q = -676 + 972. What is the tens digit of q?
9
Let l be (-3)/((-9)/10)*(-15)/(-10). Suppose l*d - 290 = -z - 42, -1350 = -5*z - 3*d. What is the units digit of z?
3
Suppose -b = -8*b + 49. Suppose 5*v = 8 + b. What is the units digit of v?
3
Let f(o) be the first derivative of -o**4/4 - 5*o**3/3 + 3*o**2 - 3*o - 1. Let m be f(-7). Let w = m + -26. What is the units digit of w?
7
Suppose 0 = -5*a + 2*a + 2*w + 3, 0 = 4*a + w - 15. Suppose 6*l = a*l. Suppose l = o - 6*o + 55. What is the units digit of o?
1
Let g be -2 - (4 - (-159 + 0)). What is the tens digit of g/(-6) + (-1)/(-2)?
2
Let j(p) = -p**2 + 6*p + 49. Let w(u) = u**2 - 5*u - 48. Let f(b) = -4*j(b) - 5*w(b). What is the units digit of f(0)?
4
What is the tens digit of (1836/8)/17*(-52)/(-6)?
1
Let c = -193 - -782. What is the units digit of c?
9
Let h(p) = -2 + 23*p + p**2 - 11 - 27*p + 0*p**2. What is the tens digit of h(-8)?
8
Let q(m) = 13*m - 6. Let n be q(8). Suppose 0 = 2*i - n - 20. What is the units digit of i?
9
Let y(j) = -j**3 + 11*j**2 + 6*j - 5. Let x be y(8). Suppose 2*i - 63 = -m + 58, -2*m + x = -3*i. What is the tens digit of m?
1
Let m(v) = -v**3 - 17*v**2 - v + 63. What is the thousands digit of m(-21)?
1
Let z = 444 - -672. What is the tens digit of z?
1
Let z = 3284 - 1686. What is the tens digit of z?
9
Suppose 0 = 5*m + 2*m - 21. Suppose 3*r = -m*h + 7 + 92, 4*r = -3*h + 95. What is the tens digit of h?
3
Let f(k) = 3*k**2 - 27*k + 154. What is the units digit of f(26)?
0
Suppose -5*t + 390 = 5*f, 0 = -5*t + 3*f + 325 + 65. Suppose -3*g - 15 = 0, -5*g = -2*h - 2*h - 11. What is the units digit of (t/h)/(2/(-3))?
3
Let u(i) = -20*i. Suppose 0 = -4*d - 0*d - 76. Let z = -21 - d. What is the tens digit of u(z)?
4
Let o(i) = 1227*i + 219. What is the hundreds digit of o(2)?
6
Suppose 2*g = -0*g + 14. Let c(y) = -4*y. Let p(v) = -7*v + 1. Let b(x) = -11*c(x) + 6*p(x). What is the units digit of b(g)?
0
Let g(v) = -457*v + 335. What is the thousands digit of g(-4)?
2
Let r = 4 - 12. Let d(x) = 13 - 2*x - 10 - 14. What is the units digit of d(r)?
5
Let m be (9 + -10)/(-2 - (-38)/20). Suppose m*w - 209 = 91. What is the tens digit of w?
3
Let w(y) = 81*y - 12. Let j be w(-5). Let d = 682 + j. What is the tens digit of d?
6
What is the hundreds digit of 8 + (-1)/(-1) + 2755?
7
Suppose 14 = 2*w + 2*j, w + 5*j - 10 = 1. Suppose 480 = 5*k + m - w*m, -289 = -3*k + 4*m. Suppose 0 = 4*v - 9*v + k. What is the tens digit of v?
1
Let i(q) = q**3 - 9*q**2 - 3. Let t be i(9). Let b = -3 - t. What is the tens digit of (b + -14)*(-24)/28?
1
Suppose w - 3*k - 34 = 0, -2*w + 71 = 3*k - 8*k. What is the tens digit of w?
4
Suppose 2*r - 8 + 0 = 0. Let v(q) = q**2 - 3*q + 2. Let l be v(r). What is the units digit of 3/(l/(-232)*-4)?
9
Suppose -3*p = -5*l + 70, 37 + 5 = 3*l + 4*p. Let g(x) = 6*x + 4*x + l - 3*x + 5*x + x**2. What is the units digit of g(-11)?
3
Let k = -8 + -11. Let w = k + 31. What is the tens digit of w?
1
What is the hundreds digit of 26/(-4)*-571 + 790/316?
7
Let y(r) = 3*r - 5. Let x be y(2). What is the tens digit of (-1)/(-1)*13*x?
1
Suppose -8*p - 345 + 65 = 0. Let y = 48 - p. What is the units digit of y?
3
Suppose -3*a - 2*a + 4*w + 3770 = 0, 0 = -2*w - 10. What is the hundreds digit of a?
7
Let c be ((-1)/3)/(0 - (-3)/(-243)). Suppose 3*o = -c + 279. What is the tens digit of o?
8
Let n = 24 + -22. Suppose n*r - 30 = 38. What is the tens digit of r?
3
Let p(k) = 3*k**2 + k**2 + 8*k - 3*k**2 - 2*k + 10. What is the tens digit of p(-10)?
5
Suppose -12 = 5*w - 37. Suppose -2*r + 2*d - 62 = 0, -w*r - 4*d = 60 + 86. Let i = 12 - r. What is the tens digit of i?
4
Let j(b) = 2*b**3 - 3*b**2 + 2*b. Let w be j(4). Suppose 20*k + 977 = 57. Let h = w + k. What is the tens digit of h?
4
Let o(c) = 121*c + 6. Let j = -62 - -63. What is the hundreds digit of o(j)?
1
Let k(j) = -j + 12. Let c be k(13). What is the units digit of 0*c/5 + 12?
2
Let j(n) = -55*n + 10. Let w be j(-2). What is the hundreds digit of (-3)/(-1 - w/(-123))?
1
Let c(x) = 2*x - 7. Let n be c(5). Suppose -2*r + 0*y + n*y + 49 = 0, 5*y = -4*r + 65. Suppose -2*q = -3*q + r. What is the units digit of q?
0
Suppose 3*n + 217 = -10*b + 5*b, 0 = n - 3*b + 91. Let d = n + 159. What is the tens digit of d?
8
Suppose 2*d - 3 = 1. Suppose -d*h + 10 = -h. Suppose -h*o = -12*o + 42. What is the tens digit of o?
2
Suppose -4*a - 2*d + 4 = -2*a, -2 = -2*d. What is the units digit of a/3 + (-1041)/(-9)?
6
Suppose 0 = 2*v - 4*s - 898, -2301 = -5*v - 12*s + 8*s. What is the units digit of v?
7
Let r(k) = -k**2 - 19*k - 4. Let h be r(-13). Suppose 2*j - 4*j = -h. What is the units digit of j?
7
Suppose -4*i + 234 + 82 = 0. Suppose -2*f - 3*f - u + 137 = 0, 0 = 3*f - u - i. What is the units digit of f?
7
Suppose 0 = 2*y + 4 + 6, -2*p - 4*y + 176 = 0. Suppose 5*a - 3*a = p. What is the tens digit of a?
4
Let h be (9/(-15) - -1) + (-13)/(-5). Suppose -2*z - h*z = 5*i - 1235, -z = -3*i + 721. What is the tens digit of i?
4
Suppose -5*s - 5*w - 5 = 0, 4*s - 9 = 3*s - 3*w. What is the tens digit of 964/s*27/(-18)?
4
Suppose -3*i - 3*o - 21 = -7*i, i = -5*o - 12. Suppose f - i*f - 95 = -5*g, -2*g - 5*f = -38. What is the units digit of g?
9
Let o be (15/(-4))/((-48)/64). Suppose 0*s - o*s = -55. What is the units digit of s?
1
Let n be 2/((-3)/(-42)*4). Suppose -5*o + 4*r + 635 = n*r, 3*o - r - 395 = 0. What is the hundreds digit of o?
1
Let p(y) = 74*y - 193. What is the hundreds digit of p(15)?
9
Suppose 2*m - 4*g - 4082 = 3210, -m + 3642 = -3*g. What is the thousands digit of m?
3
Let m = 42 + 48. Suppose 4*u - m = u. What is the units digit of u?
0
Let f(b) = 2*b**2 + b + 1. Let a be f(-1). Suppose 5*l + a*u + 558 = 0, -l - 5*u = -0*l + 107. Let w = l + 163. What is the tens digit of w?
5
Let p = -62 + -8. Let x = p - -253. What is the hundreds digit of x?
1
Let r(k) = -14*k. Let d be r(-9). Let y = d + -45. Let j = -56 + y. What is the units digit of j?
5
Let x = -42 - -46. Suppose -x*b - 16 = 0, -2*t + b - 272 = -6*t. What is the tens digit of t?
6
Suppose j = 2*n - 9, n - 2*j + 27 = 6*n. Suppose 0 = n*l - 21 - 9. Suppose -108 = -l*x + 2*x. What is the units digit of x?
7
Let h = 4289 + -2423. What is the units digit of h?
6
Let u = 393 - 188. Suppose 0 = -4*b - b - u. Let d = b - -65. What is the units digit of d?
4
What is the tens digit of (-38974)/(-78) - 2/3?
9
Let z(m) = -m**2 - 5*m + 14. Let v be z(-7). Suppose 5*k + t - 268 = v, 4*k - 3*t - 222 = -0*k. What is the units digit of k?
4
Let h = -5 + 7. Suppose -b + 1 = -2*a + 14, -23 = -h*a + 3*b. What is the units digit of 8 + (2 - (a - 3))?
9
Let n be 21/4 + 11/(-44). Let a = n - 25. What is the units digit of 4/(-10) - 568/a?
8
Let s = -2 + 5. What is the units digit of -1 + 1 + 192/s?
4
Suppose 4*i - 1 - 7 = 0. Let b(p) = 9*p + 9*p - i - 12*p. What is the units digit of b(4)?
2
Let o = 13 + -9. Let v(g) = o - 108*g + 104*g - 4. What is the units digit of v(-5)?
0
Suppose 20*i - 15*i = -3*n + 11757, 0 = -n - 4*i + 3919. What is the units digit of n?
9
Suppose -q + 10 = 4*h + h, -3*q + 4*h = -106. Let t be ((-27)/5)/((-9)/q). Suppose -5*x + 194 = -4*u, 2 - t = -4*u. What is the tens digit of x?
4
Let o be (-5 - -2) + (-1 - -10). Let g be 12/(-18)*o/(-4). What is the tens digit of 11/g - (-32)/8?
1
Suppose -3 + 9 = -2*l. What is the units digit of -4 - (-414)/(l/(-1))?
4
Suppose 650 = 10*a - 560. Let s = a +